6 and 6444.
36
Calculate the highest common divisor of 28 and 70.
14
Calculate the highest common factor of 1990 and 20.
10
Calculate the highest common divisor of 30 and 1488.
6
What is the greatest common divisor of 56 and 2208?
8
Calculate the greatest common divisor of 1528 and 8.
8
Calculate the greatest common factor of 2509 and 13.
13
Calculate the highest common factor of 1738 and 44.
22
What is the highest common divisor of 90 and 2280?
30
What is the highest common factor of 64239 and 21?
21
Calculate the greatest common factor of 254 and 66294.
254
Calculate the highest common factor of 175 and 65.
5
What is the highest common divisor of 262 and 7729?
131
Calculate the greatest common factor of 98 and 17066.
14
Calculate the greatest common factor of 104 and 260.
52
Calculate the greatest common divisor of 358 and 7697.
179
Calculate the greatest common divisor of 39 and 24.
3
Calculate the highest common divisor of 1420 and 130.
10
What is the greatest common factor of 76 and 114?
38
Calculate the highest common divisor of 77 and 55.
11
What is the greatest common divisor of 1330 and 98?
14
Calculate the greatest common divisor of 8 and 824.
8
Calculate the highest common factor of 99 and 1375.
11
What is the highest common divisor of 567 and 27?
27
What is the greatest common factor of 1315 and 20?
5
What is the greatest common factor of 2178 and 144?
18
Calculate the highest common factor of 6424 and 88.
88
Calculate the highest common divisor of 21 and 14.
7
Calculate the greatest common factor of 83 and 581.
83
What is the highest common divisor of 39 and 2067?
39
Calculate the highest common factor of 5379 and 33.
33
What is the highest common divisor of 249 and 36?
3
Calculate the highest common factor of 130 and 10.
10
Calculate the greatest common factor of 1066 and 104.
26
Calculate the highest common divisor of 102 and 1802.
34
Calculate the highest common factor of 84 and 5348.
28
What is the highest common divisor of 12 and 252?
12
What is the highest common divisor of 218 and 87854?
218
Calculate the highest common divisor of 1 and 53.
1
What is the highest common factor of 1288 and 42?
14
Calculate the greatest common factor of 56 and 14.
14
What is the highest common factor of 1829 and 31?
31
Calculate the highest common divisor of 12 and 2250.
6
Calculate the greatest common factor of 7319 and 13.
13
Calculate the greatest common divisor of 715 and 55.
55
What is the greatest common divisor of 70 and 630?
70
Calculate the highest common factor of 92 and 44068.
92
What is the greatest common divisor of 12304 and 16?
16
Calculate the highest common factor of 980 and 126.
14
What is the highest common divisor of 24195 and 45?
15
What is the greatest common divisor of 123 and 7913?
41
What is the greatest common factor of 105 and 126?
21
Calculate the highest common divisor of 15363 and 27.
27
What is the highest common divisor of 650 and 200?
50
Calculate the highest common factor of 119 and 112.
7
What is the greatest common divisor of 88 and 979?
11
What is the highest common divisor of 50 and 550?
50
What is the highest common divisor of 24 and 25512?
24
What is the greatest common factor of 8398 and 34?
34
Calculate the highest common divisor of 45 and 7785.
45
Calculate the greatest common divisor of 60 and 24.
12
What is the highest common factor of 12 and 786?
6
Calculate the highest common factor of 113 and 12204.
113
What is the highest common factor of 532 and 28?
28
Calculate the greatest common divisor of 1510 and 110.
10
Calculate the highest common factor of 2 and 263.
1
Calculate the highest common divisor of 2263 and 217.
31
What is the greatest common divisor of 260 and 460?
20
Calculate the greatest common factor of 29 and 3422.
29
What is the highest common factor of 23329 and 164?
41
Calculate the highest common divisor of 85 and 15.
5
Calculate the greatest common factor of 336 and 189.
21
What is the highest common factor of 7719 and 93?
93
What is the greatest common factor of 133 and 1197?
133
What is the highest common factor of 325 and 175?
25
What is the greatest common divisor of 24596 and 132?
44
Calculate the highest common factor of 988 and 156.
52
What is the highest common divisor of 910 and 98?
14
What is the greatest common divisor of 15 and 75?
15
What is the greatest common factor of 65 and 25?
5
Calculate the highest common factor of 50608 and 32.
16
Calculate the highest common factor of 10778 and 68.
34
Calculate the highest common divisor of 950 and 200.
50
What is the highest common divisor of 32 and 160?
32
What is the greatest common factor of 475 and 19?
19
Calculate the greatest common divisor of 47 and 1.
1
What is the greatest common divisor of 441 and 63?
63
What is the highest common factor of 36 and 636?
12
What is the greatest common divisor of 23 and 16537?
23
Calculate the greatest common factor of 1308 and 96.
12
Calculate the greatest common factor of 11 and 5.
1
Calculate the greatest common factor of 407 and 11.
11
Calculate the highest common divisor of 16 and 944.
16
Calculate the greatest common divisor of 144 and 208.
16
Calculate the highest common divisor of 120 and 312.
24
What is the highest common factor of 23076 and 36?
36
Calculate the highest common factor of 96 and 32.
32
What is the highest common factor of 7 and 2?
1
What is the highest common factor of 572 and 5874?
22
Calculate the greatest common factor of 1 and 1.
1
What is the highest common factor of 21196 and 28?
28
Calculate the highest common divisor of 138 and 483.
69
Calculate the greatest common factor of 12 and 8994.
6
Calculate the greatest common divisor of 26 and 158.
2
What is the highest common factor of 3 and 27?
3
What is the highest common divisor of 440 and 1364?
44
What is the greatest common divisor of 91 and 624?
13
What is the greatest common divisor of 21425 and 25?
25
What is the greatest common factor of 109 and 8829?
109
What is the greatest common divisor of 15 and 17085?
15
Calculate the greatest common factor of 21 and 525.
21
Calculate the greatest common divisor of 423 and 18.
9
What is the highest common divisor of 54 and 243?
27
Calculate the greatest common factor of 263 and 23407.
263
What is the greatest common divisor of 925 and 200?
25
What is the greatest common divisor of 2133 and 189?
27
Calculate the highest common factor of 9658 and 88.
22
Calculate the highest common divisor of 130 and 55.
5
Calculate the highest common factor of 2592 and 270.
54
Calculate the greatest common factor of 2 and 13.
1
Calculate the highest common divisor of 114 and 6.
6
What is the highest common factor of 64 and 1120?
32
What is the greatest common factor of 1544 and 8?
8
What is the highest common divisor of 85068 and 306?
306
What is the greatest common factor of 61 and 3599?
61
Calculate the highest common divisor of 7 and 14.
7
What is the highest common factor of 529 and 138?
23
Calculate the highest common divisor of 79731 and 27.
27
What is the greatest common divisor of 27 and 513?
27
What is the highest common divisor of 50578 and 418?
418
Calculate the highest common factor of 308 and 70.
14
What is the greatest common factor of 65 and 125?
5
Calculate the highest common divisor of 954 and 106.
106
What is the highest common factor of 1830 and 45?
15
What is the greatest common divisor of 50 and 60?
10
Calculate the highest common factor of 18 and 27774.
18
Calculate the highest common divisor of 506 and 11.
11
Calculate the greatest common divisor of 171 and 2679.
57
Calculate the highest common divisor of 146 and 1387.
73
What is the highest common factor of 501 and 6?
3
Calculate the highest common divisor of 1 and 5.
1
What is the greatest common factor of 72 and 30?
6
What is the greatest common divisor of 448 and 64?
64
Calculate the greatest common divisor of 2982 and 7242.
426
What is the highest common factor of 1296 and 16?
16
What is the highest common factor of 7 and 10864?
7
Calculate the highest common factor of 121 and 55.
11
What is the highest common divisor of 185 and 148?
37
What is the highest common factor of 420 and 63?
21
Calculate the greatest common divisor of 71 and 2059.
71
What is the greatest common factor of 18 and 8352?
18
W